mainder when 54707 is divided by 96?
83
Calculate the remainder when 4475 is divided by 117.
29
Calculate the remainder when 1888028 is divided by 489.
488
What is the remainder when 12886 is divided by 3622?
2020
Calculate the remainder when 9285 is divided by 831.
144
Calculate the remainder when 884 is divided by 435.
14
What is the remainder when 10105 is divided by 163?
162
Calculate the remainder when 20577 is divided by 556.
5
What is the remainder when 19342 is divided by 4827?
34
Calculate the remainder when 1560 is divided by 463.
171
What is the remainder when 388876 is divided by 1964?
4
Calculate the remainder when 51600 is divided by 12862.
152
What is the remainder when 2330814 is divided by 73?
70
What is the remainder when 12892 is divided by 42?
40
What is the remainder when 2759498 is divided by 25?
23
What is the remainder when 367155 is divided by 670?
665
What is the remainder when 2955 is divided by 619?
479
Calculate the remainder when 72820 is divided by 18205.
0
What is the remainder when 464599 is divided by 50?
49
What is the remainder when 473805 is divided by 67684?
17
What is the remainder when 14275 is divided by 35?
30
What is the remainder when 3018762 is divided by 16?
10
Calculate the remainder when 13499 is divided by 45.
44
What is the remainder when 2074 is divided by 537?
463
What is the remainder when 34207 is divided by 1006?
3
What is the remainder when 2085 is divided by 19?
14
Calculate the remainder when 19078 is divided by 19071.
7
What is the remainder when 137409 is divided by 136?
49
What is the remainder when 1198478 is divided by 355?
353
Calculate the remainder when 69559 is divided by 124.
119
Calculate the remainder when 546728 is divided by 29.
20
Calculate the remainder when 41279 is divided by 134.
7
Calculate the remainder when 3073946 is divided by 253.
249
What is the remainder when 1718 is divided by 293?
253
What is the remainder when 13010 is divided by 307?
116
Calculate the remainder when 280331 is divided by 83.
40
What is the remainder when 319069 is divided by 106?
9
Calculate the remainder when 2631 is divided by 524.
11
Calculate the remainder when 14234 is divided by 122.
82
Calculate the remainder when 44115 is divided by 784.
211
What is the remainder when 6418 is divided by 171?
91
Calculate the remainder when 5075 is divided by 1267.
7
What is the remainder when 141903 is divided by 201?
198
Calculate the remainder when 99960 is divided by 775.
760
What is the remainder when 3757201 is divided by 9?
7
What is the remainder when 6797 is divided by 1183?
882
What is the remainder when 644152 is divided by 220?
212
Calculate the remainder when 258 is divided by 219.
39
What is the remainder when 21136 is divided by 1241?
39
Calculate the remainder when 2563 is divided by 325.
288
What is the remainder when 294141 is divided by 121?
111
Calculate the remainder when 12843 is divided by 169.
168
What is the remainder when 1144492 is divided by 55?
52
What is the remainder when 8552 is divided by 209?
192
Calculate the remainder when 158314 is divided by 52768.
10
What is the remainder when 60175 is divided by 16?
15
What is the remainder when 29055 is divided by 619?
581
Calculate the remainder when 5958 is divided by 2588.
782
Calculate the remainder when 61876 is divided by 2592.
2260
What is the remainder when 453410 is divided by 189?
188
What is the remainder when 185 is divided by 44?
9
Calculate the remainder when 5733 is divided by 693.
189
What is the remainder when 4848766 is divided by 69?
67
Calculate the remainder when 4601 is divided by 1038.
449
Calculate the remainder when 8099 is divided by 324.
323
Calculate the remainder when 434470 is divided by 192.
166
What is the remainder when 24335 is divided by 24284?
51
Calculate the remainder when 4080 is divided by 2030.
20
What is the remainder when 19449 is divided by 4845?
69
What is the remainder when 2669 is divided by 416?
173
Calculate the remainder when 11790 is divided by 5882.
26
What is the remainder when 30563 is divided by 3048?
83
What is the remainder when 9561 is divided by 3025?
486
What is the remainder when 3721 is divided by 219?
217
What is the remainder when 27726 is divided by 145?
31
What is the remainder when 3509 is divided by 236?
205
Calculate the remainder when 11264 is divided by 245.
239
What is the remainder when 13582 is divided by 115?
12
Calculate the remainder when 21497 is divided by 1131.
8
Calculate the remainder when 2488 is divided by 48.
40
What is the remainder when 23545 is divided by 373?
46
Calculate the remainder when 60856 is divided by 19.
18
What is the remainder when 135881 is divided by 59?
4
Calculate the remainder when 7196 is divided by 554.
548
Calculate the remainder when 6798 is divided by 1672.
110
Calculate the remainder when 2507 is divided by 180.
167
What is the remainder when 1504 is divided by 402?
298
Calculate the remainder when 7344 is divided by 99.
18
What is the remainder when 92895 is divided by 948?
939
Calculate the remainder when 126644 is divided by 113.
84
What is the remainder when 11068 is divided by 423?
70
What is the remainder when 9413 is divided by 55?
8
Calculate the remainder when 21270 is divided by 152.
142
Calculate the remainder when 128062 is divided by 57.
40
Calculate the remainder when 115777 is divided by 272.
177
Calculate the remainder when 32984 is divided by 6596.
4
Calculate the remainder when 4219 is divided by 900.
619
What is the remainder when 3734 is divided by 6?
2
What is the remainder when 123989 is divided by 446?
1
What is the remainder when 1268 is divided by 95?
33
Calculate the remainder when 807578 is divided by 542.
540
Calculate the remainder when 40164 is divided by 386.
20
What is the remainder when 2144 is divided by 197?
174
Calculate the remainder when 21120 is divided by 248.
40
Calculate the remainder when 29430 is divided by 256.
246
Calculate the remainder when 5806 is divided by 1146.
76
Calculate the remainder when 2765 is divided by 1522.
1243
Calculate the remainder when 7520 is divided by 375.
20
What is the remainder when 2934 is divided by 119?
78
Calculate the remainder when 179442 is divided by 4.
2
Calculate the remainder when 231699 is divided by 4.
3
What is the remainder when 73333 is divided by 81?
28
Calculate the remainder when 43009 is divided by 5375.
9
What is the remainder when 1487 is divided by 627?
233
What is the remainder when 86002 is divided by 17?
16
Calculate the remainder when 323422 is divided by 80854.
6
Calculate the remainder when 4984 is divided by 104.
96
What is the remainder when 39429 is divided by 24?
21
Calculate the remainder when 7926 is divided by 263.
36
Calculate the remainder when 18597 is divided by 7.
5
Calculate the remainder when 22529 is divided by 265.
4
Calculate the remainder when 122437 is divided by 61218.
1
What is the remainder when 5551 is divided by 539?
161
Calculate the remainder when 783 is divided by 452.
331
What is the remainder when 1891 is divided by 298?
103
What is the remainder when 890 is divided by 134?
86
What is the remainder when 4239 is divided by 430?
369
Calculate the remainder when 1245 is divided by 1234.
11
Calculate the remainder when 26782 is divided by 24.
22
Calculate the remainder when 4555 is divided by 175.
5
Calculate the remainder when 55115 is divided by 254.
251
Calculate the remainder when 1362 is divided by 391.
189
What is the remainder when 18087 is divided by 2493?
636
Calculate the remainder when 1663 is divided by 1526.
137
Calculate the remainder when 123709 is divided by 33.
25
What is the remainder when 60923 is divided by 926?
733
Calculate the remainder when 38461 is divided by 19230.
1
What is the remainder when 11670 is divided by 5800?
70
What is the remainder when 12358 is divided by 105?
73
What is the remainder when 1296632 is divided by 121?
117
Calculate the remainder when 63248 is divided by 206.
6
Calculate the remainder when 22532 is divided by 7489.
65
Calculate the remainder when 42598 is divided by 2366.
10
What is the remainder when 19413 is divided by 2768?
37
Calculate the remainder when 5277 is divided by 1759.
0
What is the remainder when 25134 is divided by 26?
